). Suppose r + 4*r = m. Calculate the remainder when r is divided by 17.
14
Calculate the remainder when 16 + (1 - -3) + -1 + -4 is divided by 4.
3
Let u(k) = 4*k**2 + 4*k - 1. What is the remainder when u(-4) is divided by -4 + (1 - -2) + 3 - -14?
15
Suppose 4*o - 3 = 45. Let l = -12 + 59. What is the remainder when l is divided by o?
11
Let y(t) = 6*t**2 - 1. Let p(v) be the first derivative of v**4/4 + 4*v**3/3 - 2*v**2 + 7*v - 1. Calculate the remainder when y(-1) is divided by p(-5).
1
Suppose -14 = -i - 3*p, -p - 7 + 21 = i. Suppose -x - 86 = -4*z + 131, z = x + 52. What is the remainder when z is divided by i?
13
Suppose 0 = 3*k + 5*y - 44, 5*y - 4*y = -5*k + 66. Calculate the remainder when (21/(-14) - -4)*(-48)/(-5) is divided by k.
11
Let w = 68 - 36. What is the remainder when 60 is divided by w?
28
Suppose 4*p - 3 = 2*m + 11, m = 4*p - 19. Suppose t = 3*q - p, t + 1 + 11 = 5*q. Let c = q + -2. What is the remainder when 1 is divided by c?
0
Let g(w) = 5 - 3 + w - 4*w. What is the remainder when g(-5) is divided by 9?
8
Let z = -3 - -5. Suppose 3*a + z*m - 64 + 9 = 0, -3*a + 45 = -3*m. Calculate the remainder when 48 is divided by a.
14
Let i = -19 - -50. What is the remainder when 120 is divided by i?
27
Suppose 0 = -a - 2*s + 18, -4*s - 4 = -0*a - 2*a. Calculate the remainder when 39 is divided by a.
9
Suppose -4*s - s - 2*l + 32 = 0, l = -2*s + 12. Calculate the remainder when s is divided by 5.
3
Suppose 4*i + 15 = 3, 4*c - 184 = 4*i. Calculate the remainder when 213 is divided by c.
41
Let a(b) = 3*b + 33. What is the remainder when 128 is divided by a(0)?
29
Suppose 2*j - 2*p = 14, 2*p = -3*j - 2*p + 42. Let c = j + 5. Suppose 3*w = 8 + 16. What is the remainder when c is divided by w?
7
Suppose 5*m + 3 = 28. Suppose -3*j = 3, 0 = -4*n - 3*j - 2*j + 7. What is the remainder when m is divided by n?
2
Let k(j) = -j**3 + 14*j**2 + j - 12. Suppose 3*l = 5*r - 9, -2*l + r - 2 = -r. Calculate the remainder when l is divided by k(14).
0
Calculate the remainder when 31 is divided by (-3)/((-9)/24) + 0.
7
What is the remainder when (-149)/(-5) - (-3)/15 is divided by 16?
14
Calculate the remainder when 33/(-1)*(13 - 14) is divided by 6.
3
Suppose 630 = 2*l + 8*l. What is the remainder when l is divided by 13?
11
Let g = 74 - 35. Calculate the remainder when g is divided by 20.
19
Suppose -s + 2*s + 14 = -2*t, -4*t - 3*s = 32. Let w(l) = l**2 + 3*l - 7. Calculate the remainder when 3 is divided by w(t).
0
Let i(q) = 2*q**3 - 2*q**2 + 2*q - 2. Let v be i(3). Calculate the remainder when 22 is divided by 496/v - (-2)/(-5).
10
Let f = -23 - -39. Calculate the remainder when 62 is divided by f.
14
Let o = 169 + -167. What is the remainder when o is divided by 1?
0
Suppose 5*m = 0, u = -0*u - 2*m + 4. What is the remainder when 6 is divided by u?
2
Suppose -c + 23 = -4*k, -c - 3*k = -0*k - 9. Calculate the remainder when (-24)/18 + 266/6 is divided by c.
13
Let l(g) = g + 28. Calculate the remainder when l(-25) is divided by 3.
0
Let z(x) = x**3 + 4*x**2 + 4. Let b be z(-4). Let w = -1 + b. Let f = w + 3. What is the remainder when f is divided by 4?
2
Calculate the remainder when 39 is divided by ((-5)/15)/((-2)/60).
9
Let b be (-3)/2 - 217/(-2). Let w = b - 72. What is the remainder when w is divided by 12?
11
Suppose -x - 16 = -6*k + 3*k, 3*k - 24 = -3*x. What is the remainder when 51 is divided by k?
3
Suppose 0 = 3*n - 2*z + 15, -7 = -2*n - 5*z + 2. Let w = n + 3. Suppose 2*v + 0*f - 3*f = -5, w = -3*v - f + 20. What is the remainder when 8 is divided by v?
3
Let w = 93 - 65. What is the remainder when 108 is divided by w?
24
Let k = -31 - -76. Suppose -4*c + 5*r + 111 = 0, 0*c - 3*c + 3*r = -81. Calculate the remainder when k is divided by c.
21
What is the remainder when 141*(-1)/(-3) - -3 is divided by 13?
11
Let y(a) = 2*a**2 + 11*a + 6. Let d be y(-10). Suppose 4*x = 4*w + d, 0*w + 4*w - 37 = -3*x. What is the remainder when x is divided by 7?
5
Let d(j) = j**2 - 17*j + 1. What is the remainder when d(23) is divided by 35?
34
Calculate the remainder when 48 is divided by 8/((-32)/(-12)) + 10.
9
Let n(i) = -i**2 - 6*i + 1. Let v be n(-3). Let g be (-8)/20 - (-64)/v. Calculate the remainder when 11 is divided by (g/4)/(9/24).
3
Suppose 0 = -3*m - 0 - 18. Let t = 31 + m. Calculate the remainder when t is divided by 13.
12
Let f = -1 - -13. Suppose -4*u = -16 - f. Suppose 0 = u*t - 4*t - 6. What is the remainder when t is divided by 1?
0
Let c = -6 - -4. Let u = 10 - c. What is the remainder when (12 - -10)*(-3)/(-2) is divided by u?
9
Let y = -272 - -385. Let u = 70 - y. Let p = u - -62. Calculate the remainder when 37 is divided by p.
18
Let f = -50 + 71. Suppose -14*g + 17*g - 117 = 0. What is the remainder when g is divided by f?
18
Let f be (-12)/(-2*(-2)/4). Let u = -8 + 20. What is the remainder when ((-140)/6)/(f/18) is divided by u?
11
Let i(g) be the second derivative of -1/20*g**5 + 2*g**2 - 2*g - 1/6*g**3 - 7/12*g**4 + 0. Calculate the remainder when 21 is divided by i(-7).
10
Calculate the remainder when (10/(-3))/((-3)/54) is divided by 32.
28
Let f = 7 - 2. What is the remainder when 114 is divided by f?
4
What is the remainder when (-1 - 1)/(4/(-80)) is divided by 11?
7
Let b = 84 + -78. Suppose -6*a + a + 105 = 0. Calculate the remainder when a is divided by b.
3
Let w(b) = 2*b**2 - 5*b - 47. Suppose 4*s - 48 = -12. What is the remainder when w(7) is divided by s?
7
Suppose 0 = -5*w + 5, -2*z - 3*w + 4*w = -45. Let l be 6/15 + 4/(-10). Suppose l = -4*a + a + 24. What is the remainder when z is divided by a?
7
Let n be (-10)/(-6) + 1/3. Suppose 0 = -4*o + 6*o - 3*u + 1, 0 = -o + 3*u - n. Calculate the remainder when (-2)/6*(0 + -3) is divided by o.
0
Let q = 0 - -12. What is the remainder when 35 is divided by q?
11
Suppose 165 = 2*y + y. Suppose -2*c = -5 - 33. Calculate the remainder when y is divided by c.
17
Let g(n) = 13*n + 1. Let i be (16/(-10))/((-4)/10). What is the remainder when g(i) is divided by 18?
17
Let d = 12 + -8. Suppose -d*c + 58 = -34. Calculate the remainder when c is divided by 96/(-8)*((-24)/9 + 2).
7
Suppose 0 = -2*h + 5*i + 106, 5*h + i - 249 = -11. Suppose p = -3*r - 8, -5*p = -4*r - 36 - 0. Calculate the remainder when -4*r/(h/21) is divided by 4.
3
Suppose u = -2*u + 42. Calculate the remainder when 68 is divided by u.
12
Let y = -10 + 35. Calculate the remainder when y is divided by 7.
4
Suppose 3*n = -5*g - 0 + 2, 4 = g. Let h be ((-11)/3 + -1)*n. Suppose -4*b = -80 + h. Calculate the remainder when 37 is divided by b.
11
Suppose -x = 2*o - 34, -2*o = -4*x - 10 - 4. Suppose -k - 2*k = -o. Suppose -k*w = 34 - 134. Calculate the remainder when w is divided by 7.
6
Suppose -100 = -5*h + 80. Calculate the remainder when h is divided by 205/10 + (-18)/12.
17
Let z = 40 + -13. Suppose 2*q = 5*h - 1, -z = 3*q - 6*q - 2*h. Calculate the remainder when 12 is divided by q.
5
Suppose -3*n + 17 = -n - 3*u, 3*n = 3*u + 21. Suppose -2*v = -n*v + 8. What is the remainder when 15 is divided by v?
3
Let j(n) = n**2 - 8*n - 12. Let q(x) = -2*x + 1 + 13 - 5. Calculate the remainder when q(-7) is divided by j(10).
7
Let z(u) = -u - 1. Let i be z(8). Let w = 1 - i. Let k = -6 + w. Calculate the remainder when k is divided by 3.
1
Let h(t) = -t + 9. Let f be (4/6)/((-3)/(-18)). What is the remainder when h(f) is divided by 3?
2
Suppose 2*q - 6*q + 444 = 0. Let g = q + 678. Calculate the remainder when g/27 - 4/18 is divided by 10.
9
Let t(o) = 2*o**2 - 3*o - 1. Suppose 4*p + 168 = 4*h, 5*p = -0*h + h - 22. Let z = h - 25. What is the remainder when t(-5) is divided by z?
20
Let j(c) = -2*c - 14. Let f(i) = -i**2 - 5*i + 3. Let x be f(-7). Calculate the remainder when j(x) is divided by 5.
3
Suppose -108 = 6*o - 9*o. What is the remainder when o is divided by 10?
6
Calculate the remainder when 66 is divided by (-1566)/(-45) + 3/15.
31
Let m be -1 + 2 + -3 + 2. Suppose 7*a - 3*a + 3*u - 155 = m, -4*a - u = -161. What is the remainder when a is divided by 14?
13
Suppose -4*b + 3*a + 40 = 0, -4*b + 37 + 3 = 5*a. Calculate the remainder when 37 is divided by b.
7
Let c be 17 - -1*(-3 + 4). Calculate the remainder when 309/18 + (-3)/c is divided by 9.
8
Let x = 60 + -43. What is the remainder when x - (-2)/2*2 i